{"id":30,"date":"2019-02-20T03:17:39","date_gmt":"2019-02-20T03:17:39","guid":{"rendered":"https:\/\/negociosuraba.com\/blog\/?page_id=30"},"modified":"2019-02-20T03:17:40","modified_gmt":"2019-02-20T03:17:40","slug":"politica-de-tratamiento-de-datos-personales","status":"publish","type":"page","link":"https:\/\/www.negociosuraba.com\/blog\/politica-de-tratamiento-de-datos-personales\/","title":{"rendered":"Pol\u00edtica de tratamiento de datos personales"},"content":{"rendered":"\n<p>En atenci\u00f3n a la Constituci\u00f3n Pol\u00edtica de Colombia, la Ley 1581 de 2012, el Decreto Reglamentario 1377 de 2013, el Decreto Reglamentario 1074 de 2015 y dem\u00e1s disposiciones complementarias, la presente Pol\u00edtica de Tratamiento de los Datos Personales (en adelante la \u201cPOL\u00cdTICA\u201d), que integran el Grupo Empresarial negociosuraba (en adelante \u201cnegociosuraba.com \u201d), recolectan y hace el tratamiento de datos personales (en adelante los \u201cDatos Personales\u201d).<\/p>\n\n\n\n<p>Para efectos de la POL\u00cdTICA hace parte igualmente del negociosuraba.com, la Copropiedad negociosuraba.  <\/p>\n\n\n\n<pre class=\"wp-block-code\"><code>1. Objeto:<\/code><\/pre>\n\n\n\n<p>El presente documento tiene por objeto reglamentar las pol\u00edticas y procedimientos que ser\u00e1n aplicables en el manejo de la informaci\u00f3n de datos personales por parte del negociosuraba.com. <\/p>\n\n\n\n<pre class=\"wp-block-code\"><code>2. Definiciones <\/code><\/pre>\n\n\n\n<p>Autorizaci\u00f3n: Consentimiento expreso, inequ\u00edvoco e informado del Titular del dato para llevar a cabo el tratamiento de su informaci\u00f3n personal.<br> Aviso de privacidad: Comunicaci\u00f3n verbal o escrita generada por el Responsable, dirigida al Titular del Tratamiento de sus datos personales, mediante la cual se le informa acerca de la existencia de las pol\u00edticas de Tratamiento de informaci\u00f3n que le ser\u00e1n aplicables, la forma de acceder a las mismas y las finalidades del Tratamiento pretende dar a los datos personales.<br> Base de datos: todo conjunto organizado de datos que sea objeto de tratamiento.<br> Dato personal: cualquier informaci\u00f3n vinculada o que pueda asociarse a una o a varias personas naturales determinadas o determinables (en adelante \u201cdatos personales\u201d o \u201cinformaci\u00f3n personal\u201d).<br> Datos Sensibles: aquellos datos que afectan la intimidad del Titular o cuyo uso indebido puede generar su discriminaci\u00f3n, tales como aquellos que revelen el origen racial o \u00e9tnico, la orientaci\u00f3n pol\u00edtica, las convicciones religiosas o filos\u00f3ficas, la pertenencia a sindicatos, organizaciones sociales, de derechos humanos o que promueva intereses de cualquier partido pol\u00edtico o que garanticen los derechos y garant\u00edas de partidos pol\u00edticos de oposici\u00f3n as\u00ed como los datos relativos a la salud, a la vida sexual y los datos biom\u00e9tricos.<br> Datos P\u00fablicos: Aquellos datos que no sean semiprivados, privados o sensibles. Son considerados datos p\u00fablicos, entre otros, los datos relativos al estado civil de las personas, a su profesi\u00f3n u oficio y a su calidad de comerciante o servidor p\u00fablico.<br> Datos Semiprivados: Es semiprivado el dato que no tiene naturaleza \u00edntima, reservada, ni p\u00fablica y cuyo conocimiento o divulgaci\u00f3n puede interesar no solo a su titular sino a cierto sector o grupo de personas o a la sociedad en general, como el dato financiero y crediticio de actividad comercial o de servicios.<br> Encargado del tratamiento: Persona natural o jur\u00eddica, p\u00fablica o privada, que por si\u0301 misma o en asocio con otros, realice el Tratamiento de Datos Personales por cuenta del Responsable del Tratamiento.<br> Responsable del tratamiento: Persona natural o jur\u00eddica, p\u00fablica o privada, que por si\u0301 misma o en asocio con otros, decida sobre la Base de Datos y\/o el Tratamiento de los datos.<br> Tratamiento: Cualquier operaci\u00f3n o conjunto de operaciones sobre datos personales, incluyendo, pero sin limitar, la recolecci\u00f3n, almacenamiento, uso, circulaci\u00f3n o supresi\u00f3n.<br> Titular: Persona natural cuyos Datos Personales sean objeto de Tratamiento.<br> Transmisi\u00f3n de Datos: Tratamiento de Datos Personales que implica la comunicaci\u00f3n de los mismos dentro o fuera del territorio de la Rep\u00fablica de Colombia cuando tenga por objeto la realizaci\u00f3n de un Tratamiento por el Encargado por cuenta del Responsable.<br> Transferencia de Datos: La transferencia de datos tiene lugar cuando el Responsable y\/o Encargado del Tratamiento de datos personales, ubicado en Colombia, env\u00eda la informaci\u00f3n o los datos personales a un receptor, que a su vez es Responsable del Tratamiento y se encuentra dentro o fuera del pa\u00eds.<br>     <\/p>\n\n\n\n<p>3. Responsables del tratamiento<\/p>\n\n\n\n<pre class=\"wp-block-code\"><code>4. Datos personales que recolectamos<\/code><\/pre>\n\n\n\n<p>negociosuraba.com recolecta directamente los siguientes datos, los cuales son Datos Personales no sensibles: <br>\nNombre, n\u00famero de documento de identidad, domicilio, tel\u00e9fono, direcci\u00f3n f\u00edsica o postal, correo electr\u00f3nico, otra informaci\u00f3n de contacto no descrita anteriormente, cargo dentro de la empresa donde trabaja, su salario, estado civil, Registro \u00danico Tributario (R.U.T.) y de igual forma, su imagen personal podr\u00e1 ser captada a trav\u00e9s de las c\u00e1maras instaladas en las oficinas de negociosuraba.com cuando usted visita nuestras instalaciones. <br>\nInformaci\u00f3n que sea enviada a nosotros o consultada a trav\u00e9s de bases de datos de universidades, sitios web o redes sociales tales como Linkedin, ElEmpleo.com, entre otros medios donde usted haya incluido sus Datos Personales. <br>\nInformaci\u00f3n financiera cuando \u00e9sta sea necesaria para hacer un pago o presentar una factura, incluyendo el n\u00famero de sus cuentas bancarias, bancos donde usted tiene sus cuentas, referencias bancarias y comerciales. <br>\nDem\u00e1s datos que se requieran para el normal desarrollo de la relaci\u00f3n del Titular con el negociosuraba.com. <br>\nEventualmente, negociosuraba.com podr\u00e1 requerir de usted Datos Personales Sensibles, como aquellos relativos a su salud o datos biom\u00e9tricos, entre otros, los cuales solo podr\u00e1n ser tratados previa autorizaci\u00f3n expl\u00edcita por usted otorgada en su condici\u00f3n de titular. <\/p>\n\n\n\n<pre class=\"wp-block-code\"><code>5. Tratamiento al que sus Datos Personales estar\u00e1n sujeto<\/code><\/pre>\n\n\n\n<p>negociosuraba.com har\u00e1 el tratamiento de sus Datos Personales, es decir que respecto de los mismos realizar\u00e1 actividades tales como la recolecci\u00f3n directa o por intermedio de terceros, almacenamiento, uso, circulaci\u00f3n o supresi\u00f3n, con el fin de cumplir con el desarrollo normal del objeto social de nuestra compa\u00f1\u00eda y de nuestra relaci\u00f3n con usted. Dentro de esta finalidad, haremos el tratamiento de sus Datos Personales para:<\/p>\n\n\n\n<pre class=\"wp-block-code\"><code>5.1. Tratamiento de Datos Personales con anterioridad o al inicio de una relaci\u00f3n laboral<\/code><\/pre>\n\n\n\n<p>La finalidad del tratamiento de los Datos Personales suministrados por los interesados en participar en un proceso de selecci\u00f3n y la informaci\u00f3n personal obtenida en dicho proceso, se limita a: (i) recolecci\u00f3n, clasificaci\u00f3n, almacenamiento, uso, archivo de los Datos Personales, (ii) entrega de la informaci\u00f3n a terceros encargados de los proceso de selecci\u00f3n, (iii) verificaci\u00f3n, comparaci\u00f3n, evaluaci\u00f3n de las competencias laborales y personales de los aspirantes, respecto de los criterios de selecci\u00f3n de negociosuraba.com y la realizaci\u00f3n de pruebas de selecci\u00f3n, (iv) visitas domiciliarias, (v) negociosuraba.com podr\u00e1 consultar y evaluar toda la informaci\u00f3n que sobre el aspirante al cargo, se encuentre almacenada en las bases de datos de antecedentes judiciales o de seguridad leg\u00edtimamente constituidas, de naturaleza estatal o privada, nacional o extranjera.<\/p>\n\n\n\n<p>5.2. Tratamiento de Datos Personales durante la vigencia de una relaci\u00f3n laboral y posterior terminaci\u00f3n<\/p>\n\n\n\n<p>La finalidad del tratamiento de los Datos Personales suministrados por los trabajadores de negociosuraba.com se limita a: (i) recolecci\u00f3n, clasificaci\u00f3n, almacenamiento, uso, archivo de los Datos Personales, (ii) cumplimiento de las obligaciones derivadas del contrato laboral celebrado con el titular de los Datos Personales, (iii) cumplimiento de obligaciones legales en materia de seguridad social y parafiscales, (iv) Dar tr\u00e1mite a incapacidades, permisos o licencias, (v) informaci\u00f3n a autoridades judiciales y administrativas, cuando medien \u00f3rdenes judiciales y\/o administrativas en dicho sentido, (vi) entrega de informaci\u00f3n a auditores internos o externos, apoderados y potenciales inversionistas o compradores en caso de venta de la sociedad o de vinculaci\u00f3n de nuevos accionistas, en el evento que as\u00ed se requiera, (vii) entrega de informaci\u00f3n a empresas que apoyen la gesti\u00f3n de negociosuraba.com como agencias de viajes, empresas de transporte, compa\u00f1\u00edas de seguridad, entre otros, que tengan relaci\u00f3n con el contrato laboral suscrito con el titular de los Datos Personales, (viii) entrega de informaci\u00f3n a terceros que est\u00e9n verificando antecedentes laborales, (ix) emisi\u00f3n de certificaciones relativas a la relaci\u00f3n entre el Titular con negociosuraba.com, (x) para dar cumplimiento a todas las obligaciones derivadas de la relaci\u00f3n contractual y su terminaci\u00f3n; (xi) para el normal desarrollo de la relaci\u00f3n contractual.<\/p>\n\n\n\n<p>5.3. Tratamiento de Datos Personales de proveedores y acreedores:<\/p>\n\n\n\n<p>La finalidad del tratamiento de los Datos Personales suministrados por los proveedores de negociosuraba.com son: (i) recolectar, almacenar y clasificar la informaci\u00f3n suministrada por los proveedores para su f\u00e1cil identificaci\u00f3n, (ii) usar, consultar, comparar y evaluar toda la informaci\u00f3n que sobre el proveedor se encuentre almacenada en las bases de datos de antecedentes judiciales o de seguridad leg\u00edtimamente constituidas, de naturaleza estatal o privada, nacional o extranjera, o cualquier base de datos comercial o de servicios que permita establecer de manera integral el comportamiento como proveedor, incluidas las consultas en las listas para la prevenci\u00f3n y control de lavado de activos y financiaci\u00f3n del terrorismo, (iii) analizar, procesar, evaluar y comparar la informaci\u00f3n suministrada por los proveedores, (iv) env\u00edo de informaci\u00f3n de inter\u00e9s comercial o no comercial y de invitaciones a eventos programados por negociosuraba.com, (v) dar cumplimiento a la ley colombiana o extranjera y a las \u00f3rdenes de autoridades judiciales y\/o administrativas, (vi) emisi\u00f3n de certificaciones relativas a la relaci\u00f3n entre el titular del dato con negociosuraba.com, (vii) entrega de informaci\u00f3n a entes de inspecci\u00f3n, vigilancia, control, regulatorio o auditores internos o externos, (viii) para realizar pagos por servicios prestados o productos vendidos por el proveedor, (ix) para la elaboraci\u00f3n de invitaciones a cotizar, (x) para dar cumplimiento a todas las obligaciones derivadas de la relaci\u00f3n contractual con los proveedores, (xi) para el normal desarrollo de la relaci\u00f3n contractual.<\/p>\n\n\n\n<p>5.4. Tratamiento de Datos Personales de clientes:<\/p>\n\n\n\n<p>La finalidad del tratamiento de los Datos Personales suministrados por los clientes de negociosuraba.com son: (i) disponer de la informaci\u00f3n personal suministrada por sus clientes, aliados o grupos de inter\u00e9s, al momento de suscribir contratos, con el fin de dar cumplimiento a las obligaciones derivadas de los mismos; (ii) realizar ofertas y promociones; (iii) realizar evaluaciones y\/o encuestas relacionados con el nivel de satisfacci\u00f3n de sus clientes, en relaci\u00f3n con los productos y servicios prestados; (iv) env\u00edo de comunicaciones de car\u00e1cter legal y comercial relacionadas con los productos y servicios prestados; (v) ejecuci\u00f3n de an\u00e1lisis y perfilamiento de clientes que permita definir productos y servicios que se acomoden a sus necesidades; (vi) env\u00edo de comunicaciones sobre la realizaci\u00f3n de actividades y eventos organizados por negociosuraba.com; (vii) desarrollo de investigaciones de mercado y h\u00e1bitos de consumo, an\u00e1lisis estad\u00edsticos y reportes de comportamiento de clientes y colaboradores; (viii) para el normal desarrollo de la relaci\u00f3n contractual.<\/p>\n\n\n\n<p>5.5. Tratamiento de Datos Personales de visitantes:<\/p>\n\n\n\n<p>La finalidad del tratamiento de los Datos Personales suministrados por los clientes de negociosuraba.com son: (i) disponer de la informaci\u00f3n personal suministrada por sus visitantes al momento del ingreso o en el registro a trav\u00e9s de las plataformas virtuales del negociosuraba.com; (ii) realizar ofertas y promociones; (iii) realizar evaluaciones y\/o encuestas relacionados con el nivel de satisfacci\u00f3n de sus visitantes, en relaci\u00f3n con los productos y servicios prestados; (iv) env\u00edo de comunicaciones de car\u00e1cter legal y comercial relacionadas con los productos y servicios prestados; (v) env\u00edo de comunicaciones sobre la realizaci\u00f3n de actividades y eventos organizados por negociosuraba.com; (vi) desarrollo de investigaciones de mercado y h\u00e1bitos de consumo, an\u00e1lisis estad\u00edsticos y reportes de comportamiento de visitantes.<\/p>\n\n\n\n<pre class=\"wp-block-code\"><code> 5.6. Tratamiento de Datos Personales de car\u00e1cter financiero<\/code><\/pre>\n\n\n\n<p>negociosuraba.com realizar\u00e1 el tratamiento de sus Datos Personales de car\u00e1cter financiero s\u00f3lo cuando esta informaci\u00f3n sea necesaria para poder llevar a cabo los procesos de solicitud de facturaci\u00f3n, cartera, cobranza y pagos por los productos y servicios que hayan sido prestados o suministrados por y para negociosuraba.com, y para el env\u00edo de las facturas ya sea de forma electr\u00f3nica, f\u00edsica o por cualquier medio pactado con usted, y en los casos previamente establecidos en esta POL\u00cdTICA.<\/p>\n\n\n\n<p>5.7. Respecto de la informaci\u00f3n de los Accionistas y miembros de la Junta Directiva<\/p>\n\n\n\n<p>La finalidad del tratamiento de los Datos Personales suministrados por los Accionistas y miembros de la Junta Directiva son: (i) Control de participaci\u00f3n accionaria y publicaci\u00f3n de los accionistas con mayor participaci\u00f3n; (ii) Cumplimiento de decisiones judiciales y disposiciones administrativas, legales, fiscales y regulatorias; (iii) Cumplimiento de obligaciones legales y ejercicio de los derechos que se deriven de la condici\u00f3n y miembro de Junta Directiva de negociosuraba.com; (iv) Env\u00edo de informaci\u00f3n relativa a negociosuraba.com, as\u00ed como las convocatorias a reuniones de Asamblea General de Accionistas y de Junta Directiva; (v) para el normal desarrollo de la relaci\u00f3n contractual.<\/p>\n\n\n\n<p>5.8. Tratamiento de Datos Personales de Menores de Edad:<\/p>\n\n\n\n<p>En aplicaci\u00f3n de lo establecido en la ley, negociosuraba.com proceder\u00e1\u0301 a efectuar el Tratamiento de la Informaci\u00f3n Personal, de ni\u00f1os, ni\u00f1as y adolescentes, respetando el inter\u00e9s superior de los mismos y asegurando, en todos los casos, el respeto de sus derechos fundamentales y garant\u00edas m\u00ednimas.<\/p>\n\n\n\n<p>En todos los eventos en los que se requiera darle Tratamiento a la Informaci\u00f3n Personal de menores de edad, negociosuraba.com obtendr\u00e1\u0301 la Autorizaci\u00f3n de sus representantes legales, que para este efecto son padre y\/o madre o tutor.<\/p>\n\n\n\n<p>5.9. Generales<\/p>\n\n\n\n<p>negociosuraba.com recolecta sus Datos Personales a trav\u00e9s de diversas fuentes de informaci\u00f3n como pueden ser mensajes electr\u00f3nicos de car\u00e1cter personal o de trabajo, a trav\u00e9s de correspondencia f\u00edsica, por informaci\u00f3n ya existente en las bases de datos de negociosuraba.com conforme a lo establecido en los procedimientos del Decreto 1733 de 2013 en su art\u00edculo 10, a trav\u00e9s de mensajes de voz, informaci\u00f3n archivada en computadores y dispositivos electr\u00f3nicos de negociosuraba.com, sistemas de fax, acceso a internet, correspondencia por la obtenci\u00f3n de tarjetas de presentaci\u00f3n o a trav\u00e9s de cualquier otro dispositivo electr\u00f3nico para las comunicaciones y cualquier otro recurso tecnol\u00f3gico.<\/p>\n\n\n\n<p>negociosuraba.com adem\u00e1s cuenta con c\u00e1maras de seguridad en sus instalaciones, por medio de las cuales su imagen personal quedar\u00e1 grabada cada vez que usted visite las instalaciones. A estas im\u00e1genes solamente tendr\u00e1 acceso el Departamento de Seguridad de negociosuraba.com. Las im\u00e1genes personales de las personas que visitan las instalaciones quedar\u00e1n grabadas en el DVR, ubicado en la Carrera 106 No. 15\u00aa -25, Casillero 3, de la ciudad de Bogot\u00e1, D.C., por ocho (8) d\u00edas, y despu\u00e9s ser\u00e1n borradas de manera autom\u00e1tica, salvo caso de violaci\u00f3n o sospecha de violaci\u00f3n a las medidas de seguridad implementadas, en cuyo caso podr\u00e1n permanecer grabadas hasta tanto se resuelva o aclare de forma definitiva la situaci\u00f3n que dio lugar a la sospecha.<\/p>\n\n\n\n<p>negociosuraba.com \u00fanicamente usar\u00e1 los Datos Personales dentro del uso que usted haya autorizado, solo lo transmitir\u00e1 a clientes o terceros cuando ello sea necesario como resultado del giro ordinario de la operaci\u00f3n de negociosuraba.com, y a autoridades judiciales y administrativas cuando as\u00ed sea requerido mediante orden judicial o administrativa. negociosuraba.com resguardar\u00e1 y proteger\u00e1 los Datos Personales recibidos en su domicilio, limitando su uso y divulgaci\u00f3n al objeto autorizado.<\/p>\n\n\n\n<pre class=\"wp-block-code\"><code>6.Sus derechos como titular de los Datos Personales <\/code><\/pre>\n\n\n\n<p>En concordancia con el art\u00edculo 8 de la Ley 1581 de 2012, negociosuraba.com le informa que usted tiene los siguientes derechos: <\/p>\n\n\n\n<p>Conocer, actualizar y corregir sus Datos Personales ante negociosuraba.com. Este derecho puede ser ejercido, entre otros, en relaci\u00f3n con la informaci\u00f3n, parcial, inexacta, incompleta, dividida, informaci\u00f3n enga\u00f1osa o cuyo tratamiento sea prohibido o no autorizado. <br>\nRequerir prueba del consentimiento otorgado a negociosuraba.com para la recolecci\u00f3n y el tratamiento de sus Datos Personales, tener acceso a sus Datos Personales que son objeto de tratamiento por parte de negociosuraba.com. <br>\nSer informado por negociosuraba.com del tratamiento que se le est\u00e1 dando a sus Datos Personales. Para esto, es importante que se surtan los procedimientos establecidos en la secci\u00f3n 9 de esta POL\u00cdTICA de Privacidad. <br>\nRevocar la autorizaci\u00f3n otorgada a negociosuraba.com y\/o solicitar la supresi\u00f3n de sus Datos Personales cuando usted considere que negociosuraba.com no est\u00e1 respetando los principios, derechos y garant\u00edas constitucionales y legales. En estos casos negociosuraba.com le informar\u00e1 sobre las implicaciones que pueda tener la revocatoria de la autorizaci\u00f3n o la supresi\u00f3n de sus Datos Personales de la base de datos. <br>\nTener acceso a los Datos Personales que negociosuraba.com haya recolectado y tratado.<br>\nSi usted no est\u00e1 conforme con la forma en que negociosuraba.com trata sus Datos Personales o tiene alguna queja o reclamo, podr\u00e1 presentar un comunicado ante el oficial de protecci\u00f3n de datos de negociosuraba.com al correo electr\u00f3nico info@negociosuraba.com<br>\nSi el oficial de protecci\u00f3n de datos de negociosuraba.com no resuelve sus inquietudes o no atiende su queja, puede dirigirse a la Superintendencia de Industria y Comercio para presentar sus inquietudes, quejas o reclamos si considera que negociosuraba.com ha violado sus derechos de habeas data o las disposiciones de la Ley 1581 de 2012, el Decreto 1377 de 2013, el Decreto 1074 de 2015 y otras normas que las modifiquen, adicionen o complementen.<br>\n   7.Personas o \u00e1rea responsable de responder las consultas, solicitudes o reclamos relacionados con el tratamiento de sus Datos Personales<\/p>\n\n\n\n<p>Si usted tiene preguntas, consultas o reclamos relacionados con sus Datos Personales, puede contactar al Oficial de Protecci\u00f3n de Datos de negociosuraba.com en el correo electr\u00f3nico info@negociosuraba.com (en adelante el &#8220;Oficial de Protecci\u00f3n de Datos&#8221;). Usted puede ejercer su derecho a conocer, actualizar, rectificar o eliminar sus Datos Personales y revocar el consentimiento otorgado a negociosuraba.com para el tratamiento de sus Datos Personales ante esta persona o \u00e1rea de negociosuraba.com.<\/p>\n\n\n\n<p>8.Pol\u00edtica de seguridad de negociosuraba.com<\/p>\n\n\n\n<p>negociosuraba.com toma las medidas efectivas, apropiadas razonables para proteger sus Datos Personales de p\u00e9rdida, uso indebido, acceso no autorizado, divulgaci\u00f3n, alteraci\u00f3n y destrucci\u00f3n.<\/p>\n\n\n\n<p>9.Procedimiento para ejercer sus derechos<\/p>\n\n\n\n<p>Cualquier pregunta o consulta en relaci\u00f3n con sus Datos Personales recolectados y tratados por negociosuraba.com, ser\u00e1 recibida por el Oficial de Protecci\u00f3n de Datos de negociosuraba.com, para lo cual deber\u00e1 enviar una descripci\u00f3n escrita de su consulta al correo electr\u00f3nico info@negociosuraba.com<\/p>\n\n\n\n<p>El Oficial de Protecci\u00f3n de Datos de negociosuraba.com resolver\u00e1 su pregunta o consulta dentro de los diez (10) d\u00edas h\u00e1biles siguientes a la fecha en que la pregunta o consulta sea recibida. Si no es posible para el Oficial de Protecci\u00f3n de Datos de negociosuraba.com responder su reclamo dentro del t\u00e9rmino mencionado, el Oficial de Protecci\u00f3n de Datos de negociosuraba.com le har\u00e1 saber la situaci\u00f3n y le explicar\u00e1 la raz\u00f3n del retraso. En cualquier circunstancia el Oficial de Protecci\u00f3n de Datos de negociosuraba.com le responder\u00e1 dentro de los cinco (5) d\u00edas h\u00e1biles siguientes al vencimiento del t\u00e9rmino de los diez (10) d\u00edas h\u00e1biles iniciales.<\/p>\n\n\n\n<p>El consentimiento otorgado por usted podr\u00e1 ser revocado en cualquier momento, mediante aviso previo, escrito y firmado dirigido al Oficial de Protecci\u00f3n de Datos de negociosuraba.com, en la direcci\u00f3n electr\u00f3nica antes citada, en los t\u00e9rminos establecidos por la Ley.<\/p>\n\n\n\n<p>Si usted considera que la informaci\u00f3n contenida en la base de datos de negociosuraba.com est\u00e1 sujeta a correcci\u00f3n, actualizaci\u00f3n o eliminaci\u00f3n o si considera que negociosuraba.com no est\u00e1 cumpliendo con sus obligaciones establecidas en la Ley 1581 de 2012, usted deber\u00e1 presentar una queja a negociosuraba.com, dirigida al Oficial de Protecci\u00f3n de Datos, que ser\u00e1 tratada de acuerdo al procedimiento establecido en el art\u00edculo 15 de la Ley 1581 de 2012.<\/p>\n\n\n\n<p>10.Fecha de vigencia de La Pol\u00edtica y fecha de vencimiento de la base de datos<br>\nEsta POL\u00cdTICA de privacidad entrar\u00e1 en vigencia el 27 de julio de 2013 y sus Datos Personales permanecer\u00e1n en la base de datos de negociosuraba.com hasta que los mismos cumplan con la finalidad para los cuales fueron recolectados, o al finalizar el t\u00e9rmino de tiempo establecido cuando medie disposici\u00f3n legal.<\/p>\n","protected":false},"excerpt":{"rendered":"<p>En atenci\u00f3n a la Constituci\u00f3n Pol\u00edtica de Colombia, la Ley 1581 de 2012, el Decreto Reglamentario 1377 de 2013, el Decreto Reglamentario 1074 de 2015 y dem\u00e1s disposiciones complementarias, la&hellip;<\/p>\n","protected":false},"author":1,"featured_media":0,"parent":0,"menu_order":0,"comment_status":"closed","ping_status":"closed","template":"","meta":{"content-type":"","om_disable_all_campaigns":false,"_monsterinsights_skip_tracking":false,"_monsterinsights_sitenote_active":false,"_monsterinsights_sitenote_note":"","_monsterinsights_sitenote_category":0,"_uf_show_specific_survey":0,"_uf_disable_surveys":false,"footnotes":"","_joinchat":[]},"aioseo_notices":[],"_links":{"self":[{"href":"https:\/\/www.negociosuraba.com\/blog\/wp-json\/wp\/v2\/pages\/30"}],"collection":[{"href":"https:\/\/www.negociosuraba.com\/blog\/wp-json\/wp\/v2\/pages"}],"about":[{"href":"https:\/\/www.negociosuraba.com\/blog\/wp-json\/wp\/v2\/types\/page"}],"author":[{"embeddable":true,"href":"https:\/\/www.negociosuraba.com\/blog\/wp-json\/wp\/v2\/users\/1"}],"replies":[{"embeddable":true,"href":"https:\/\/www.negociosuraba.com\/blog\/wp-json\/wp\/v2\/comments?post=30"}],"version-history":[{"count":1,"href":"https:\/\/www.negociosuraba.com\/blog\/wp-json\/wp\/v2\/pages\/30\/revisions"}],"predecessor-version":[{"id":31,"href":"https:\/\/www.negociosuraba.com\/blog\/wp-json\/wp\/v2\/pages\/30\/revisions\/31"}],"wp:attachment":[{"href":"https:\/\/www.negociosuraba.com\/blog\/wp-json\/wp\/v2\/media?parent=30"}],"curies":[{"name":"wp","href":"https:\/\/api.w.org\/{rel}","templated":true}]}}