{"id":430,"date":"2025-01-17T22:43:34","date_gmt":"2025-01-18T03:43:34","guid":{"rendered":"https:\/\/www.negociosuraba.com\/blog\/?page_id=430"},"modified":"2025-01-17T22:52:26","modified_gmt":"2025-01-18T03:52:26","slug":"municipio-de-apartado","status":"publish","type":"page","link":"https:\/\/www.negociosuraba.com\/blog\/municipio-de-apartado\/","title":{"rendered":"Municipio de Apartad\u00f3"},"content":{"rendered":"\n<h1 class=\"wp-block-heading\">El coraz\u00f3n de Urab\u00e1<\/h1>\n\n\n\n<p>Este municipio es conocido como el centro comercial y urbano de la regi\u00f3n. Aqu\u00ed puedes encontrar una mezcla perfecta de modernidad y tradici\u00f3n. La historia de Apartad\u00f3 se remonta a tiempos de la colonizaci\u00f3n antioque\u00f1a, y a lo largo de los a\u00f1os se ha consolidado como un importante puerto fluvial y comercial.<\/p>\n\n\n\n<p><strong>Lo interesante:<\/strong> Apartad\u00f3 es el lugar ideal para disfrutar de la gastronom\u00eda t\u00edpica del Urab\u00e1, como el pescado frito y las empanadas de ma\u00edz. Adem\u00e1s, cuenta con hermosos paisajes y zonas naturales, como el Parque Natural de los Kat\u00edos.<\/p>\n\n\n\n<p><strong>Ferias y fiestas:<\/strong> La Feria de la Integraci\u00f3n, que se celebra en enero, es uno de los eventos m\u00e1s importantes, con m\u00fasica, danzas y una muestra cultural que atrae a miles de visitantes.<\/p>\n","protected":false},"excerpt":{"rendered":"<p>El coraz\u00f3n de Urab\u00e1 Este municipio es conocido como el centro comercial y urbano de la regi\u00f3n. Aqu\u00ed puedes encontrar una mezcla perfecta de modernidad y tradici\u00f3n. La historia de&hellip;<\/p>\n","protected":false},"author":1,"featured_media":434,"parent":0,"menu_order":0,"comment_status":"closed","ping_status":"closed","template":"","meta":{"content-type":"","om_disable_all_campaigns":false,"_monsterinsights_skip_tracking":false,"_monsterinsights_sitenote_active":false,"_monsterinsights_sitenote_note":"","_monsterinsights_sitenote_category":0,"_uf_show_specific_survey":0,"_uf_disable_surveys":false,"footnotes":"","_joinchat":[]},"aioseo_notices":[],"_links":{"self":[{"href":"https:\/\/www.negociosuraba.com\/blog\/wp-json\/wp\/v2\/pages\/430"}],"collection":[{"href":"https:\/\/www.negociosuraba.com\/blog\/wp-json\/wp\/v2\/pages"}],"about":[{"href":"https:\/\/www.negociosuraba.com\/blog\/wp-json\/wp\/v2\/types\/page"}],"author":[{"embeddable":true,"href":"https:\/\/www.negociosuraba.com\/blog\/wp-json\/wp\/v2\/users\/1"}],"replies":[{"embeddable":true,"href":"https:\/\/www.negociosuraba.com\/blog\/wp-json\/wp\/v2\/comments?post=430"}],"version-history":[{"count":1,"href":"https:\/\/www.negociosuraba.com\/blog\/wp-json\/wp\/v2\/pages\/430\/revisions"}],"predecessor-version":[{"id":432,"href":"https:\/\/www.negociosuraba.com\/blog\/wp-json\/wp\/v2\/pages\/430\/revisions\/432"}],"wp:featuredmedia":[{"embeddable":true,"href":"https:\/\/www.negociosuraba.com\/blog\/wp-json\/wp\/v2\/media\/434"}],"wp:attachment":[{"href":"https:\/\/www.negociosuraba.com\/blog\/wp-json\/wp\/v2\/media?parent=430"}],"curies":[{"name":"wp","href":"https:\/\/api.w.org\/{rel}","templated":true}]}}